he prime factors of w/((4/34)/(-2)).
17
Let s be 1/((-4)/(-48)*3). Suppose 0 = -3*d + s*r + r - 13, -d = 5*r - 29. Suppose 0 = -2*i, d*j - 2*j - i = 20. What are the prime factors of j?
2, 5
Suppose 15*g - 1870 = 4*g. Let n = g - 121. What are the prime factors of n?
7
Suppose -3*l - 69 = -0*l. Let w = 55 + l. What are the prime factors of w?
2
Let q(n) = 2*n**3 + 44*n**2 - 33*n - 54. List the prime factors of q(-22).
2, 3, 7
Let i be (-6)/(-6) + (-9)/(-3). Suppose 4*u - i*g - 208 = 0, 136 = 3*u - 2*g + 3*g. Let d = u + -19. List the prime factors of d.
2, 7
Suppose 2*c = -0*c + 12. Let x be c/27*3*6. Suppose -g = -4*s - 9 - 15, -x*s + 24 = 5*g. What are the prime factors of g?
2
Let v(f) = 3*f - 9*f + 7 + 2*f - 2*f. Let w be v(3). What are the prime factors of -3 - (w - -4)*6?
3, 13
Let g(a) = a**3 - 9*a**2 - 7*a + 26. Let o be g(12). Suppose -4*q - 2*z = -o, 9*q - 2*z - 454 = 4*q. What are the prime factors of q?
2, 23
Let k = -331 + 225. Let n = 165 + k. What are the prime factors of n?
59
Let x(j) = -j**3 + 29*j**2 - 11*j + 28. What are the prime factors of x(28)?
2, 3, 7
Let u be 4 + (-7)/(-4 - 3). Suppose -2*m + 2 = -2. Suppose -k + u*i + 34 = 0, 74 = 2*k - 2*i - m*i. What are the prime factors of k?
3, 13
Suppose -454 = -4*v - 14. Let k = 56 - v. Let n = k - -82. List the prime factors of n.
2, 7
Let d be 6/(-5)*(-60)/18. Suppose 0 = 5*z - d - 6. Suppose 15 = 3*r - z*r. What are the prime factors of r?
3, 5
Let n = 74 + -40. Suppose -3*s = -n - 14. List the prime factors of 2*1/(2/s).
2
Let a = 11 + -9. Suppose 69 = -5*d + a*d. Let n = d - -29. What are the prime factors of n?
2, 3
Let q(z) be the third derivative of z**4/12 - 2*z**3 - 21*z**2. Suppose -4*s + 32 = -4. List the prime factors of q(s).
2, 3
Let c(t) = 3*t + 4. Let b be c(-2). Let f(k) = k**2 + 1. Let l be f(b). What are the prime factors of (-4 - -3) + 45/l?
2
Let m be 18/(-45) + 99/(-15). Let a = 69 + m. Let l = a - 42. What are the prime factors of l?
2, 5
Let f = -260 + 282. List the prime factors of f.
2, 11
Suppose 1929 = -5*y + 12259. What are the prime factors of y?
2, 1033
Let l(y) = -y + 11. Let b be l(9). Suppose -8 = b*v - 4*v. Suppose -2*r = 4*f - 62, 2*f - 4 - 32 = v*r. What are the prime factors of f?
2
Suppose 4*a = 2*o + 406, -178 - 29 = -2*a - 3*o. What are the prime factors of a?
2, 3, 17
Let j = 185 - 11. What are the prime factors of j?
2, 3, 29
Let z(b) = -79*b - 247. List the prime factors of z(-37).
2, 3, 223
Let s(j) = j**2 + 9*j + 69. What are the prime factors of s(-21)?
3, 107
Suppose i = 2, 4*d - i = -3*i + 5820. What are the prime factors of d?
2, 727
Let u(i) = -i**3 + 11*i**2 - 7*i - 3. Let l be u(10). Suppose 0 = 2*b - 8, o = b + l + 27. What are the prime factors of o?
2, 29
Suppose -r + 10*r = 3861. List the prime factors of r.
3, 11, 13
Let m(s) = -9*s**3 - 3*s**2 - 4*s + 9. Let p be m(3). Let d = -190 - p. What are the prime factors of d?
83
Suppose 523 = -3*q + 187. Let b = -24 - q. What are the prime factors of b?
2, 11
Suppose -2*j + 8 = -4*j. Let m = j - -9. Suppose 12 = k - m. What are the prime factors of k?
17
Let k(y) = 27*y + 881. List the prime factors of k(0).
881
Let m be (2983/(-38))/(2/4). Let x = 232 + m. What are the prime factors of x?
3, 5
Let k(j) = -j**3 + 11*j**2 - 8*j + 1. Suppose 4*l - 112 = 4*w, -l - 49 = -4*l - 4*w. Let o = l + -13. List the prime factors of k(o).
3, 7
Let l = 1172 + -750. What are the prime factors of l?
2, 211
Let n(z) = -26*z + 60. What are the prime factors of n(-8)?
2, 67
Let h be 1*-5*1*(14 + -15). List the prime factors of (h/15)/(2*3/126).
7
Suppose -3*v = t - 11, -t + v - 3 = -6. Suppose t*f = -x + 2*x - 16, 0 = -4*x - f - 20. What are the prime factors of -1*60*2/x?
2, 3, 5
Let q = -165 - -486. Suppose q = 2*b + 69. List the prime factors of b.
2, 3, 7
Suppose -u + 6*u - 5*m = 410, -250 = -3*u + m. Let o = -64 + u. List the prime factors of o.
2, 5
Let x(i) be the third derivative of i**6/120 - 3*i**5/20 + i**4/6 - 7*i**3/6 + 2*i**2. Let q be x(7). Let g = 128 + q. What are the prime factors of g?
3, 17
List the prime factors of 6 - 9220/((-44)/11).
2311
Suppose -2*v - 30 + 34 = 0. Let f(k) be the third derivative of k**5/5 + k**4/24 - 5*k**2. List the prime factors of f(v).
2, 5
Suppose 2*p + 17 = -d - 2*p, -4*d - p - 8 = 0. Let s be d*(2 - -7) - -3. Let g = 11 + s. List the prime factors of g.
5
Suppose 2*i + 7*i = 27. Suppose -19 = -3*h - v, -3*h - 11 = -2*h - 4*v. Suppose -h*m - 74 = 3*p - 204, -4*p + 183 = -i*m. List the prime factors of p.
3, 5
Let s = 66 + 2. Suppose s + 256 = 3*r. Suppose -2*c - 4*w + 11 + 43 = 0, r = 4*c - 4*w. List the prime factors of c.
3
Let o(w) be the first derivative of -4*w**2 - 39*w + 5. List the prime factors of o(-16).
89
Let b be (15/10)/(1/2). Suppose b*o - 72 = -2*t, 4*t - o - 112 = o. Suppose 0 = -4*u + t + 2. List the prime factors of u.
2
Suppose 4*z = g + 16156, -2*z + 44*g - 45*g + 8084 = 0. List the prime factors of z.
2, 5, 101
Let g be 15/20 + 146/8. Let r = 29 - g. List the prime factors of r.
2, 5
Let m(a) = -23*a + 206. Let n(w) = -11*w + 103. Let x(p) = -6*m(p) + 13*n(p). What are the prime factors of x(0)?
103
Suppose 4*c = -1 + 69. Let j = -14 + c. What are the prime factors of (1/j)/((-3)/(-36))?
2
Suppose 0*c - 788 = -2*c. Suppose -4*q + 4*p - 8 = -8*q, 0 = -q - 3*p + 12. What are the prime factors of q/(-4) + c/8?
2, 5
Let r be 791/(-14) + 2/4. Suppose -2*p - 163 = 13. Let f = r - p. List the prime factors of f.
2
Let r be 11 - ((-12)/3)/(-4). Let o(m) = -2*m + 8. Let z be o(r). Let n = z + 25. List the prime factors of n.
13
Let l(x) = 3*x**2 - 6*x - 19. Let k be (3/(-6))/(1*(-2)/28). List the prime factors of l(k).
2, 43
Let i(w) = -w - 7. Let j be i(-9). Suppose -s + 0*s + 41 = 4*t, j*t + 271 = 5*s. List the prime factors of s.
53
Let s(r) = 3*r - 1. Let l be s(0). Let h = 107 - l. List the prime factors of h.
2, 3
Suppose -7*o + 4*o = 9, -5*o = 3*l + 231. Let q = -9 + -21. Let u = q - l. What are the prime factors of u?
2, 3, 7
Suppose 4*p - 19 = -3. Suppose -4*q + c + p*c = -202, 220 = 4*q + 4*c. List the prime factors of q.
53
Let s = 8 + -5. Let x be (0 + 1)*(s - 3). Suppose x = -3*w + 2*k + 61, -3*w - 2*k = 3*k - 89. List the prime factors of w.
23
Let i(l) = 7*l**2 - 234 + 232 + l + 0*l**2. Let t be i(1). Let u(n) = 3*n + 12. What are the prime factors of u(t)?
2, 3, 5
Suppose -t = -4*t - 18. Let m(z) = 5*z + 6. Let d be m(t). Let p = d + 47. What are the prime factors of p?
23
Let y be (-894)/(-10) + (-45)/(-75). Suppose -4*i + 6*i - y = 0. What are the prime factors of (i/(-10))/(2/(-20))?
3, 5
Suppose -t - 239 = -6*t + i, t - i - 51 = 0. What are the prime factors of (-22)/(-11)*1*t?
2, 47
Suppose 3*m + v - 2706 = -3*v, -1804 = -2*m - v. List the prime factors of m.
2, 11, 41
Suppose w = 11*w - 980. List the prime factors of w.
2, 7
Let o(t) = -59*t + 1 - 210*t + 40*t. What are the prime factors of o(-1)?
2, 5, 23
Suppose -3*x + 550 = -257. Suppose -g + 116 = g - 4*z, -5*g + x = -3*z. List the prime factors of g.
2, 13
Let j(n) = -53*n - 58. What are the prime factors of j(-33)?
19, 89
Let p(o) = 87*o - 159. What are the prime factors of p(17)?
2, 3, 5, 11
Let h be 1/(((-4)/204)/(-1)). What are the prime factors of h*(-2 - -1)*(8 + -11)?
3, 17
Let k(r) be the second derivative of -31*r**3/6 - 31*r**2/2 + r. What are the prime factors of k(-8)?
7, 31
Let j(s) = -s**3 - 10*s**2 + 11*s + 10. Let z be j(-11). Let d be z/(-65) + 938/13. Suppose n + 4*t = 47, -t = -5*n + 100 + d. List the prime factors of n.
5, 7
Suppose -5*x + 3190 = 2*q, -1918 = -3*x - 0*q - 2*q. List the prime factors of x.
2, 3, 53
Let c(m) = -m**2 - 7*m - 8. Let n be c(-5). What are the prime factors of (-4 - -3)*n - -14?
2, 3
Let b = 5 + -6. Let h(q) be the third derivative of q**5/60 - q**4/24 + 6*q**2. List the prime factors of h(b).
2
Let p(n) = -10*n - 6. Let h be p(-1). List the prime factors of 440/3 - h/(-12).
3, 7
Let r(x) = -x**2 - 10*x - 29. Let j be r(-13). Let c = -50 - j. What are the prime factors of c?
2, 3
Let s(m) = 49*m**2 - 30*m + 10*m + 10 - 34*m**2 - m**3. List the prime factors of s(13).
2, 11
Suppose -4*x - 8 = 4. Suppose 0*z = z - 6. What are the prime factors of z/x - -1 - -29?
2, 7
Suppose 19 = -4*f - 5. What are the prim